e?
False
Is 10832421 composite?
True
Is 33597823 a composite number?
True
Is 5306359 composite?
False
Is 21689947 composite?
False
Is 753535 composite?
True
Is 18845129 prime?
False
Is 57443069 a prime number?
False
Is 13491677 prime?
True
Is 1464079 prime?
True
Is 1533239 prime?
True
Is 7739959 prime?
True
Is 312011911 prime?
True
Is 308546351 prime?
False
Is 714269 prime?
False
Is 228662873 a composite number?
True
Is 8251534 prime?
False
Is 134528333 a prime number?
True
Is 499567 a prime number?
False
Is 64553 a prime number?
True
Is 580881697 prime?
False
Is 216287 composite?
True
Is 1226593 prime?
True
Is 271849 composite?
False
Is 231343 a prime number?
False
Is 1051447627 a prime number?
True
Is 15079159 composite?
True
Is 3029467 composite?
True
Is 11545727 composite?
False
Is 71102593 a prime number?
True
Is 1529021 prime?
False
Is 83771 composite?
True
Is 526620817 a composite number?
False
Is 5265017 prime?
False
Is 3579169 composite?
True
Is 19945789 prime?
False
Is 12831529 composite?
False
Is 181869769 prime?
True
Is 138049 a prime number?
False
Is 479393 a prime number?
False
Is 80131439 composite?
True
Is 565091 a prime number?
False
Is 4333187 prime?
True
Is 498803 prime?
True
Is 1039971 composite?
True
Is 1930891 prime?
False
Is 1411847 prime?
True
Is 37610579 a prime number?
False
Is 4715263 a prime number?
False
Is 6269273 prime?
True
Is 4532893 composite?
False
Is 792437 a composite number?
True
Is 779575157 prime?
True
Is 4132733 composite?
True
Is 83736841 composite?
False
Is 367163 a prime number?
True
Is 370661 composite?
False
Is 10813277 a prime number?
True
Is 423323 prime?
True
Is 6079361 a prime number?
True
Is 22434362 a composite number?
True
Is 2898617 a composite number?
True
Is 5822787 prime?
False
Is 54829 composite?
False
Is 84403 composite?
True
Is 38627131 a composite number?
False
Is 1638929 composite?
False
Is 1988111 a composite number?
True
Is 10821677 a prime number?
True
Is 9107207 composite?
True
Is 7971461 a composite number?
False
Is 209686273 a prime number?
True
Is 25820623 prime?
True
Is 48811559 composite?
False
Is 8575079 prime?
True
Is 36175291 composite?
False
Is 583240327 prime?
True
Is 230011 composite?
True
Is 1483681 composite?
False
Is 2118329 a prime number?
False
Is 3134543 a composite number?
False
Is 1314833 prime?
False
Is 2713511 a prime number?
False
Is 9363881 a prime number?
False
Is 13065991 prime?
True
Is 100819 a prime number?
False
Is 368087 prime?
False
Is 378672377 composite?
False
Is 35442681 a prime number?
False
Is 3966211 a prime number?
True
Is 70972757 a prime number?
True
Is 94219103 composite?
True
Is 79822229 composite?
False
Is 1313651 a composite number?
False
Is 2110609 a prime number?
False
Is 58551323 prime?
True
Is 20240189 composite?
False
Is 556636723 a prime number?
True
Is 3588531 prime?
False
Is 2239627 a prime number?
False
Is 8882017 composite?
False
Is 2197803 composite?
True
Is 1582603 a composite number?
True
Is 605443 prime?
True
Is 2730869 a prime number?
True
Is 110737481 a prime number?
True
Is 136328293 a prime number?
False
Is 2870729 composite?
True
Is 56898239 a composite number?
False
Is 204139649 a composite number?
True
Is 3179455 composite?
True
Is 519989 composite?
False
Is 1676383 prime?
True
Is 67003957 prime?
False
Is 2908429 prime?
True
Is 601633 a prime number?
False
Is 1208947303 a composite number?
False
Is 1096339 composite?
True
Is 104697379 a composite number?
False
Is 5713907 a composite number?
True
Is 13861297 a prime number?
False
Is 514781881 composite?
True
Is 37781167 composite?
False
Is 83324491 prime?
True
Is 213629671 a prime number?
True
Is 411817 composite?
True
Is 3114469 a composite number?
True
Is 352317211 prime?
True
Is 2128799 prime?
True
Is 81588173 a composite number?
True
Is 35162719 prime?
True
Is 59987017 prime?
False
Is 497615 a prime number?
False
Is 6322451 prime?
True
Is 428111 composite?
True
Is 220775629 prime?
True
Is 35137907 a composite number?
True
Is 4294447 a prime number?
False
Is 65995529 composite?
True
Is 127339 prime?
False
Is 12838934 a composite number?
True
Is 49876661 prime?
False
Is 107540857 composite?
True
Is 116762951 a prime number?
True
Is 6688727 a prime number?
True
Is 8818081 composite?
True
Is 3955981 a composite number?
True
Is 68475091 composite?
False
Is 10439791 a composite number?
True
Is 4145803 a composite number?
False
Is 1384903 a composite number?
True
Is 2088557 a prime number?
True
Is 3415271 a prime number?
False
Is 133431989 prime?
False
Is 76101317 a composite number?
False
Is 12793943 composite?
False
Is 1924217 prime?
True
Is 19953961 composite?
True
Is 44990167 composite?
False
Is 38245567 a composite number?
False
Is 20693773 prime?
False
Is 542371 composite?
False
Is 18553819 prime?
True
Is 11848369 prime?
False
Is 2201669 composite?
False
Is 4323079 prime?
False
Is 886637 composite?
True
Is 4292453 a composite number?
True
Is 23172973 a composite number?
False
Is 62000957 composite?
False
Is 9483821 a composite number?
True
Is 6622283 a composite number?
False
Is 11760629 a prime number?
False
Is 45303257 prime?
True
Is 2011918 a prime number?
False
Is 72313919 a prime number?
True
Is 17039381 prime?
True
Is 75240829 prime?
True
Is 4393243 a composite number?
False
Is 309929 a prime number?
True
Is 6262687 prime?
False
Is 8608547 prime?
False
Is 293383583 a composite number?
False
Is 12893459 a prime number?
True
Is 7636033 a composite number?
True
Is 3119771 prime?
True
Is 64633819 composite?
False
Is 36122893 prime?
False
Is 385557421 a composite number?
False
Is 160858 a composite number?
True
Is 19686001 a prime number?
False
Is 3093411 a prime number?
False
Is 10817551 prime?
False
Is 1282559 composite?
True
Is 19574141 a composite number?
True
Is 781031 a composite number?
True
Is 154311587 a prime number?
True
Is 23455059 a composite number?
True
Is 6564241 a prime number?
True
Is 85077539 prime?
True
Is 504269 prime?
True
Is 15854257 prime?
True
Is 7019231 prime?
True
Is 7540763 composite?
False
Is 28122389 a prime number?
True
Is 455153 composite?
True
Is 50646313 a composite number?
True
Is 2810471 a composite number?
False
Is 26395293 a composite number?
True
Is 151495723 a composite number?
True
Is 277201 prime?
False
Is 248312597 composite?
True
Is 7858127 prime?
True
Is 36152449 a composite number?
False
Is 190552049 composite?
True
Is 479701 a prime number?
True
Is 56059961 composite?
False
Is 624293257 composite?
True
Is 385972901 prime?
True
Is 2861779 composite?
True
Is 1649239 a composite number?
True
Is 385043389 composite?
False
Is 30636829 prime?
True
Is 4817867 composite?
False
Is 1059211 prime?
False
Is 65500537 composite?
False
Is 326620001 prime?
False
Is 21764021 a prime number?
True
Is 742559 prime?
True
Is 1071563 a composite number?
False
Is 19575299 prime?
False
Is 6141157 composite?
True
Is 100052661 composite?
True
Is 163651067 composite?
False
Is 2674621 a prime number?
True
Is 31012606 composite?
True
Is 12444533 prime?
True
Is 518301647 a prime number?
True
Is 13404233 a composite number?
False
Is 9465587 a prime number?
True
Is 31358297 a prime number?
True
Is 29123531 composite?
False
Is 986894 prime?
False
Is 28032131 prime?
True
Is 110855 a composite number?
True
Is 30857269 a composite number?
False
Is 5434003 a prime number?
False
Is 2878885 a composite number?
True
Is 810202741 prime?
True
Is 42236521 composite?
False
Is 145314257 prime?
False
Is 55446821 prime?
True
Is 145121 a composite number?
False
Is 1801949 a prime number?
False
Is 385662421 composite?
False
Is 686863 prime?
True
Is 693765251 prime?
True
Is 8780569 prime?
False
Is 27920059 a prime number?
True
Is 51626947 a composite number?
True
Is 12065269 a prime number?
True
Is 6531191 a prime number?
True
Is 1155457 a composite number?
False
Is 531581549 prime?
False
Is 855724459 a prime number?
True
Is 425319251 a prime number?
False
Is 223001819 composite?
False
Is 10569389 composite?
True
Is 3992837 a prime number?
True
Is 2621587 a composite number?
True
Is 70725751 prime?
False
Is 35031701 a prime number?
True
Is 602137 a composite number?
False
Is 3545257 a prime number?
False
Is 1069633 a prime number?
False
Is 16599203 composite?
Fa